5)/h + (4/(-26))/(-1).
149
Let p(l) = 5*l**3 - 32*l**2 - 68*l - 191. List the prime factors of p(26).
53, 1213
Suppose -2*y - 14 + 186 = 0. Suppose y*h - 104*h + 5688 = 0. List the prime factors of h.
2, 79
List the prime factors of 9583448/490 + 30/(-525).
2, 7, 11, 127
Let k = 354 + -345. Suppose 11*g = k*g - 4*t + 842, 0 = 5*g - 5*t - 2120. List the prime factors of g.
3, 47
Let d = 84434 - 46157. List the prime factors of d.
3, 4253
Suppose 2011 = 3*i + 2*i - 4*c, 4*i - 5*c - 1616 = 0. Let s = 621 - i. What are the prime factors of s?
2, 3, 37
List the prime factors of (38/95)/((-6)/(-569775)).
5, 71, 107
Let n(l) = 95*l - 23*l + l**2 - l**3 + 27*l**2 + 59 - 13*l. What are the prime factors of n(30)?
29
Suppose 0 = 2*g - 3*b - 24215, 28*b = -2*g + 30*b + 24214. List the prime factors of g.
2, 6053
Suppose -920*x + 141840 = -908*x. List the prime factors of x.
2, 3, 5, 197
Let h(x) = -16*x. Let i(d) = -2 + 5 + 8*d**3 + d + 0*d + d**2 - 2. Let g be i(-1). List the prime factors of h(g).
2, 7
Suppose 2*a - 7*a = 3*m - 17573, -5*a = -m - 17589. List the prime factors of a.
3517
Suppose -79154 - 1028560 = -70*i - 163974. What are the prime factors of i?
2, 3, 7, 107
Suppose 2*a = 6*a - 236. Let x = -19 + a. Suppose -2*k = -3*h + x - 3, 2*h - 8 = -2*k. List the prime factors of h.
3
Let x(d) = -d - 12. Let t be x(-11). Let i be (t - 44) + (22 - 23). Let w = -1 - i. List the prime factors of w.
3, 5
Let p(n) = n**3 + 9*n**2 + 10*n + 16. Let l be p(-5). Let u = l - 62. Suppose -2*v + u*q = -0*q - 490, 4*v - 1000 = 4*q. What are the prime factors of v?
3, 5, 17
Suppose 0*y = 14*y - 140. Let i(r) = 10*r + 35. Let b be i(y). Let t = b - -8. List the prime factors of t.
11, 13
Let y(b) = 24*b**2 - 16*b + 182. List the prime factors of y(7).
2, 7, 89
Let q be -676 - (1 + (3 - 9)). Let m = -396 - q. What are the prime factors of m?
5, 11
Let h(t) = -58*t - 1. Let b be h(2). Let x = b - -77. Let y = 18 - x. List the prime factors of y.
2, 29
Suppose 0 = -2*o + 5*s + 8853, 4*o - 3126 = 5*s + 14585. List the prime factors of o.
43, 103
Let u(b) = 33*b - 10. Let y(f) be the second derivative of 11*f**3/2 - 5*f**2 - 16*f. Let o(l) = 3*u(l) - 4*y(l). What are the prime factors of o(-3)?
109
What are the prime factors of 8/(20/(-20)) - -76317?
137, 557
Let b = -18063 + 40505. What are the prime factors of b?
2, 7, 229
What are the prime factors of 3734*438/48 - (-4 - 95/(-20))?
2, 4259
Let w = 15381 - 9593. List the prime factors of w.
2, 1447
Let x = -9 + 13. Suppose 9*k + 9*k = 1872. Suppose -k + 404 = x*y. What are the prime factors of y?
3, 5
Let y(o) = -4*o**3 - 3*o**2 + 4*o - 26. Let x(u) = u**3 + u**2 - u. Let c(w) = -5*x(w) - y(w). List the prime factors of c(-6).
2, 41
Let x(p) = p**2 - p**3 + 307 - 302 - 3*p**2. Let f be x(-3). Suppose -692 = -18*g + f*g. What are the prime factors of g?
173
Suppose 27*m = -0*m + 432. Suppose m*a - 56232 = -20*a. List the prime factors of a.
2, 11, 71
Let c(d) = d**3 + 10*d**2 + 9*d + 3. Let j be c(-9). Let b be 0/(2 + -3 + j). Suppose 3*w = 2*a + 154, -w = -b*w - a - 51. List the prime factors of w.
2, 13
Suppose -4*b - 5*u = -b - 26844, 3*u - 26856 = -3*b. What are the prime factors of b?
2, 3, 1493
Let v be (20/(-8))/(-5)*(1 + 7). Suppose 4*f = -4*i + 4911 + 1929, -2*f + 3402 = -v*i. List the prime factors of f.
3, 569
Let h = -34 + 36. Suppose 2*g + h*j - 827 + 113 = 0, -9 = 3*j. What are the prime factors of g?
2, 3, 5
Let k(m) = -246*m + 11 + 16 - 35. Let v be k(-1). Suppose -o = -4*z + v, -283 = -3*z + 4*o - 98. What are the prime factors of z?
59
Suppose 5*y + 15 = 10*y. Suppose y*o = 4*w - 55, 0*w - o = 3*w - 38. Let k(r) = -r**2 + 12*r + 18. List the prime factors of k(w).
5
Let t(b) = 94*b**2 + 60*b - 346. List the prime factors of t(5).
2, 3
Let s(p) = -23 + 3*p**2 + 17 + p**3 - 11*p + 6*p. Let r be s(-3). Suppose -2*u = -5*u + r. What are the prime factors of u?
3
Let q(o) = o**2 - 13*o + 27. Let s(k) = k - 29. Let d be s(13). Let l be q(d). Suppose -5*a - 2*g = -l, -g - g + 6 = 0. What are the prime factors of a?
97
Let a(g) = -g**3 + 2*g**2 + g + 3. Let j be a(3). Let y be (-122)/16 - j/(-8). List the prime factors of 6/y*-122*30/45.
61
Suppose 0 = 61*k - 5*k - 264656. List the prime factors of k.
2, 17, 139
List the prime factors of (18466 - -28) + (-8 - -14).
2, 5, 37
Let d be 10 + 0 + (7 - (0 - -3)). Suppose 0 = 3*v + 5 - d. Suppose 4*x - p = 418, -7 = 4*x - v*p - 429. What are the prime factors of x?
2, 13
Let y = -688 + 690. Suppose -4*j = 2*g - j - 3127, -5*g + y*j = -7789. List the prime factors of g.
1559
Let m = -19 + 298. Let l be m/31 - 1*(-1 - 0). What are the prime factors of 8279/85 + (-4)/l?
97
Let m = 37 + -29. Let q(k) = -m - 12 - 21*k - k**2 - 3*k. List the prime factors of q(-17).
3, 11
Suppose 107*m - 103*m - 144 = 0. Suppose 0 = 5*p - 4051 + m. List the prime factors of p.
11, 73
Let c(l) = 9567*l**2 + 11*l + 21. List the prime factors of c(-2).
17, 2251
Let q(j) = j**2 - 6*j - 10. Let u be q(-5). Let o be 0 - 58/(-18) - 10/u. List the prime factors of 40/60 + 289/o.
97
List the prime factors of -1849*((-4)/(-2) + 2 + -79 + 67).
2, 43
Let l(w) = w - 4. Let d be l(19). What are the prime factors of 22*(-150)/(-36)*d?
5, 11
Suppose 48*u + 225402 = -8*u + 814634. What are the prime factors of u?
2, 5261
Suppose 57120 = 5*a + 5*g, a - 7958 - 3468 = -2*g. List the prime factors of a.
2, 5711
Let s be (-510)/(-3)*((-10)/4 - -2). Let g = 142 + s. Suppose 3*v - 189 = g. List the prime factors of v.
2, 41
Let o(d) = 398*d**2 - 53*d - 428. What are the prime factors of o(-9)?
83, 389
Suppose 4*u + 8 = 0, -2*u = -3*k - 2*k + 19. Suppose k*l = -2*l + 210. Suppose 5*x - 98 = l. What are the prime factors of x?
2, 7
Let l be ((-20)/(-8))/(-5) - (-7)/2. Suppose 381 = 5*h - 5*d - 1814, l*h + 2*d - 1337 = 0. Let m = 662 - h. What are the prime factors of m?
3, 73
Suppose 46*h = 31*h - 3270. Let u be (320/(-3))/((-2)/(-6)). Let d = h - u. What are the prime factors of d?
2, 3, 17
List the prime factors of ((-33)/(-21) - (-30)/70) + 29199.
29201
Let z = 12 + -12. What are the prime factors of (-810)/(-9) - (z - -2)?
2, 11
Let o(d) = -d**2 - 5*d - 3. Let h be o(-3). Suppose -x - h*q - 30 = 0, 0*x = x + 5*q + 32. What are the prime factors of (28/21)/((-1)/x)?
2, 3
What are the prime factors of (355780/(-15))/((-68)/51)?
17789
Let j be ((-2)/2)/(11/(-1584)). Suppose -153*a = -j*a - 5454. What are the prime factors of a?
2, 3, 101
Let z(w) = 40*w**3 - w**2 + 4*w - 3. Let g be z(1). Let l(q) = -2*q**3 - 4*q**2 + 7*q - 1. Let r be l(-5). Let k = r - g. What are the prime factors of k?
2, 37
Let p(o) = -204*o**3 - 4*o**2 - 5*o + 1879*o**3 + 8 + 4*o**2 - 2*o**2. List the prime factors of p(1).
2, 419
Let f = 22953 - 3336. What are the prime factors of f?
3, 13, 503
Let k = -39688 - -67382. List the prime factors of k.
2, 61, 227
Let c be (-1 + -3)*(-63)/84. Suppose -2*z + 301 = -z - 5*b, 0 = c*z + 3*b - 939. What are the prime factors of z?
311
Let x(g) = g**3 - g**2 + g - 1. Let c(b) = -b**3 + 5*b**2 + b - 2. Let p(f) = c(f) + 2*x(f). Let d be p(-2). What are the prime factors of 920/14 - d/21?
2, 3, 11
Suppose 45*u - 292040 = 17*u. Suppose -11*t = -t - u. What are the prime factors of t?
7, 149
Let s be 30/2*2/(3 + 3). Suppose j + o - s*o - 766 = 0, -j = 3*o - 745. List the prime factors of j.
2, 13, 29
Let h be (-3 + 11 + -10)*5/(-2). Suppose 2981 = h*a + 2*d, 5*d = -2*a - 30 + 1235. What are the prime factors of a?
5, 7, 17
Suppose 13*i - 11*c = 17*i - 66132, 3*i + 3*c = 49620. List the prime factors of i.
2, 11, 47
Let d(h) = -3*h**2 - 25*h - 24. Let u be d(-7). Suppose 4*m - u*p - 652 = 0, -21*m - p = -16*m - 821. List the prime factors of m.
2, 41
Let c be 2/(-1) - -1*69. Let m = 77 - c. Suppose 15*a - 255 = m*a. List the prime factors of a.
3, 17
Suppose 5*a = -2*x + 140783, -21*x + 20*x = 1. What are the prime factors of a?
37, 761
Let k = 36 + -40. Let q(f) = f**3 + 5*f**2 + 4*f + 2. Let t be q(k). Let j(d) = 56*d - 2. What are the prime factors of j(t)?
2, 5, 11
Let n = 174 + 10. Suppose 4*g + n = 168. Let x = 199 - g. What are the prime factors of x?
7, 29
Suppose -2*w - 643 = -d, 2*d = 5*w + 4*d + 1603. Let f = w - -476. List the prime factors of (f + 0)/(0 - -1).
5, 31
Suppose -5*a + 3*b 